[INFO] cloning repository https://github.com/rosie-home-automation/garage_rfid
[INFO] running `Command { std: "git" "-c" "credential.helper=" "-c" "credential.helper=/workspace/cargo-home/bin/git-credential-null" "clone" "--bare" "https://github.com/rosie-home-automation/garage_rfid" "/workspace/cache/git-repos/https%3A%2F%2Fgithub.com%2Frosie-home-automation%2Fgarage_rfid", kill_on_drop: false }`
[INFO] [stderr] Cloning into bare repository '/workspace/cache/git-repos/https%3A%2F%2Fgithub.com%2Frosie-home-automation%2Fgarage_rfid'...
[INFO] running `Command { std: "git" "rev-parse" "HEAD", kill_on_drop: false }`
[INFO] [stdout] 343067c27f093a23cb8126c79aa98f8a657ab538
[INFO] checking rosie-home-automation/garage_rfid against try#72f88fc4e9458f89516a0b8b0868f3718aec5b47 for pr-74989
[INFO] running `Command { std: "git" "clone" "/workspace/cache/git-repos/https%3A%2F%2Fgithub.com%2Frosie-home-automation%2Fgarage_rfid" "/workspace/builds/worker-14/source", kill_on_drop: false }`
[INFO] [stderr] Cloning into '/workspace/builds/worker-14/source'...
[INFO] [stderr] done.
[INFO] validating manifest of git repo https://github.com/rosie-home-automation/garage_rfid on toolchain 72f88fc4e9458f89516a0b8b0868f3718aec5b47
[INFO] running `Command { std: "/workspace/cargo-home/bin/cargo" "+72f88fc4e9458f89516a0b8b0868f3718aec5b47" "read-manifest" "--manifest-path" "Cargo.toml", kill_on_drop: false }`
[INFO] started tweaking git repo https://github.com/rosie-home-automation/garage_rfid
[INFO] finished tweaking git repo https://github.com/rosie-home-automation/garage_rfid
[INFO] tweaked toml for git repo https://github.com/rosie-home-automation/garage_rfid written to /workspace/builds/worker-14/source/Cargo.toml
[INFO] crate git repo https://github.com/rosie-home-automation/garage_rfid already has a lockfile, it will not be regenerated
[INFO] running `Command { std: "/workspace/cargo-home/bin/cargo" "+72f88fc4e9458f89516a0b8b0868f3718aec5b47" "fetch" "--locked" "--manifest-path" "Cargo.toml", kill_on_drop: false }`
[INFO] [stderr]     Blocking waiting for file lock on package cache
[INFO] [stderr]  Downloading crates ...
[INFO] [stderr]   Downloaded multimap v0.4.0
[INFO] [stderr]   Downloaded nix v0.10.0
[INFO] [stderr]   Downloaded c_linked_list v1.1.1
[INFO] [stderr]   Downloaded get_if_addrs-sys v0.1.1
[INFO] [stderr]   Downloaded sysfs_gpio v0.5.4
[INFO] [stderr]   Downloaded blake2-rfc v0.2.18
[INFO] [stderr]   Downloaded slog-json v2.3.0
[INFO] [stderr]   Downloaded slog v2.5.2
[INFO] [stderr]   Downloaded slog-async v2.3.0
[INFO] [stderr]   Downloaded config v0.9.3
[INFO] [stderr]   Downloaded env_logger v0.5.13
[INFO] [stderr]   Downloaded derive_more v0.15.0
[INFO] [stderr]   Downloaded copyless v0.1.4
[INFO] [stderr]   Downloaded actix-server-config v0.1.2
[INFO] [stderr]   Downloaded actix-threadpool v0.1.2
[INFO] [stderr]   Downloaded actix-router v0.1.5
[INFO] [stderr]   Downloaded edit-distance v2.1.0
[INFO] [stderr]   Downloaded actix-server v0.6.0
[INFO] [stderr]   Downloaded derive-error-chain v0.10.1
[INFO] [stderr]   Downloaded hashbrown v0.5.0
[INFO] [stderr]   Downloaded actix-web v1.0.5
[INFO] [stderr]   Downloaded trust-dns-proto v0.7.4
[INFO] [stderr]   Downloaded actix-web v0.7.19
[INFO] [stderr]   Downloaded reqwest v0.9.19
[INFO] [stderr]   Downloaded serde v1.0.98
[INFO] [stderr]   Downloaded trust-dns-resolver v0.10.3
[INFO] [stderr]   Downloaded libsqlite3-sys v0.12.0
[INFO] [stderr]   Downloaded slog-atomic v2.0.0
[INFO] [stderr]   Downloaded signal-hook-registry v1.1.0
[INFO] [stderr]   Downloaded target v1.0.0
[INFO] [stderr]   Downloaded cargo_metadata v0.8.1
[INFO] [stderr]   Downloaded env_proxy v0.3.1
[INFO] [stderr]   Downloaded v_htmlescape v0.4.3
[INFO] [stderr]   Downloaded actix-rt v0.2.4
[INFO] [stderr]   Downloaded diesel_cli v1.4.0
[INFO] [stderr]   Downloaded getrandom v0.1.7
[INFO] [stderr]   Downloaded awc v0.2.3
[INFO] [stderr]   Downloaded openssl-sys v0.9.48
[INFO] [stderr]   Downloaded libmdns v0.2.3
[INFO] [stderr]   Downloaded ascii v0.9.2
[INFO] [stderr]   Downloaded toml_edit v0.1.4
[INFO] [stderr]   Downloaded actix-net v0.2.6
[INFO] [stderr]   Downloaded socket2 v0.3.10
[INFO] [stderr]   Downloaded nanoid v0.2.0
[INFO] [stderr]   Downloaded bus v2.2.2
[INFO] [stderr]   Downloaded winreg v0.6.1
[INFO] [stderr]   Downloaded brev v0.1.14
[INFO] [stderr]   Downloaded v_escape_derive v0.5.3
[INFO] [stderr]   Downloaded slack-hook v0.8.0
[INFO] [stderr]   Downloaded actix-connect v0.2.3
[INFO] [stderr]   Downloaded watchexec v1.10.3
[INFO] [stderr]   Downloaded serde_derive v1.0.98
[INFO] [stderr]   Downloaded cargo-edit v0.3.3
[INFO] [stderr]   Downloaded just v0.4.4
[INFO] [stderr]   Downloaded aho-corasick v0.7.4
[INFO] [stderr]   Downloaded flate2 v1.0.9
[INFO] [stderr]   Downloaded miniz_oxide v0.3.0
[INFO] [stderr]   Downloaded valico v3.0.0
[INFO] [stderr]   Downloaded miniz_oxide_c_api v0.2.3
[INFO] [stderr]   Downloaded actix-http v0.2.8
[INFO] [stderr]   Downloaded syn v0.15.42
[INFO] [stderr]   Downloaded backtrace v0.3.33
[INFO] [stderr]   Downloaded bstr v0.2.6
[INFO] [stderr]   Downloaded regex-syntax v0.6.10
[INFO] [stderr]   Downloaded regex v1.2.0
[INFO] [stderr]   Downloaded cargo-watch v7.2.1
[INFO] [stderr]   Downloaded webthing v0.12.0
[INFO] [stderr]   Downloaded v_escape v0.7.2
[INFO] [stderr]   Downloaded jsonway v2.0.0
[INFO] [stderr]   Downloaded nix v0.13.1
[INFO] [stderr]   Downloaded hyper v0.12.33
[INFO] [stderr]   Downloaded openssl v0.10.24
[INFO] [stderr]   Downloaded take_mut v0.2.2
[INFO] [stderr]   Downloaded actix-codec v0.1.2
[INFO] [stderr]   Downloaded enum-as-inner v0.2.1
[INFO] [stderr]   Downloaded atomic-option v0.1.2
[INFO] [stderr]   Downloaded actix-web-codegen v0.1.2
[INFO] [stderr]   Downloaded actix-utils v0.4.5
[INFO] [stderr]   Downloaded trust-dns-resolver v0.11.1
[INFO] [stderr]   Downloaded actix-service v0.4.1
[INFO] [stderr]   Downloaded globset v0.4.4
[INFO] [stderr]   Downloaded dotenv v0.14.1
[INFO] [stderr]   Downloaded term_size v0.3.1
[INFO] [stderr]   Downloaded dotenv v0.10.1
[INFO] [stderr]   Downloaded crossbeam v0.2.12
[INFO] [stderr]   Downloaded argon2rs v0.2.5
[INFO] [stderr]   Downloaded redox_users v0.3.0
[INFO] [stderr]   Downloaded slog-term v2.4.1
[INFO] [stderr]   Downloaded trust-dns-proto v0.6.3
[INFO] [stderr]   Downloaded miniz-sys v0.1.12
[INFO] [stderr]   Downloaded http v0.1.18
[INFO] [stderr]   Downloaded get_if_addrs v0.5.3
[INFO] [stderr]   Downloaded socket2 v0.2.4
[INFO] running `Command { std: "docker" "create" "-v" "/var/lib/crater-agent-workspace/builds/worker-14/target:/opt/rustwide/target:rw,Z" "-v" "/var/lib/crater-agent-workspace/builds/worker-14/source:/opt/rustwide/workdir:ro,Z" "-v" "/var/lib/crater-agent-workspace/cargo-home:/opt/rustwide/cargo-home:ro,Z" "-v" "/var/lib/crater-agent-workspace/rustup-home:/opt/rustwide/rustup-home:ro,Z" "-e" "SOURCE_DIR=/opt/rustwide/workdir" "-e" "CARGO_TARGET_DIR=/opt/rustwide/target" "-e" "CARGO_HOME=/opt/rustwide/cargo-home" "-e" "RUSTUP_HOME=/opt/rustwide/rustup-home" "-w" "/opt/rustwide/workdir" "-m" "1610612736" "--user" "0:0" "--network" "none" "rustops/crates-build-env@sha256:d92eaeed33fa75130ca1ee6c8a01d1ffb62bac859dfdfb3450e3e5d1c0146529" "/opt/rustwide/cargo-home/bin/cargo" "+72f88fc4e9458f89516a0b8b0868f3718aec5b47" "metadata" "--no-deps" "--format-version=1", kill_on_drop: false }`
[INFO] [stdout] db52d6aef32dee7f3959ea35cb148f2c9ae44ea681bc650425752ae3ce180d36
[INFO] [stderr] WARNING: Your kernel does not support swap limit capabilities or the cgroup is not mounted. Memory limited without swap.
[INFO] running `Command { std: "docker" "start" "-a" "db52d6aef32dee7f3959ea35cb148f2c9ae44ea681bc650425752ae3ce180d36", kill_on_drop: false }`
[INFO] running `Command { std: "docker" "inspect" "db52d6aef32dee7f3959ea35cb148f2c9ae44ea681bc650425752ae3ce180d36", kill_on_drop: false }`
[INFO] running `Command { std: "docker" "rm" "-f" "db52d6aef32dee7f3959ea35cb148f2c9ae44ea681bc650425752ae3ce180d36", kill_on_drop: false }`
[INFO] [stdout] db52d6aef32dee7f3959ea35cb148f2c9ae44ea681bc650425752ae3ce180d36
[INFO] running `Command { std: "docker" "create" "-v" "/var/lib/crater-agent-workspace/builds/worker-14/target:/opt/rustwide/target:rw,Z" "-v" "/var/lib/crater-agent-workspace/builds/worker-14/source:/opt/rustwide/workdir:ro,Z" "-v" "/var/lib/crater-agent-workspace/cargo-home:/opt/rustwide/cargo-home:ro,Z" "-v" "/var/lib/crater-agent-workspace/rustup-home:/opt/rustwide/rustup-home:ro,Z" "-e" "SOURCE_DIR=/opt/rustwide/workdir" "-e" "CARGO_TARGET_DIR=/opt/rustwide/target" "-e" "CARGO_INCREMENTAL=0" "-e" "RUST_BACKTRACE=full" "-e" "RUSTFLAGS=--cap-lints=forbid" "-e" "CARGO_HOME=/opt/rustwide/cargo-home" "-e" "RUSTUP_HOME=/opt/rustwide/rustup-home" "-w" "/opt/rustwide/workdir" "-m" "1610612736" "--user" "0:0" "--network" "none" "rustops/crates-build-env@sha256:d92eaeed33fa75130ca1ee6c8a01d1ffb62bac859dfdfb3450e3e5d1c0146529" "/opt/rustwide/cargo-home/bin/cargo" "+72f88fc4e9458f89516a0b8b0868f3718aec5b47" "check" "--frozen" "--all" "--all-targets" "--message-format=json", kill_on_drop: false }`
[INFO] [stdout] a700e4bad5668067e3bacd4cc7c037a1ad6a2dc504ebfec36ba507707262395b
[INFO] [stderr] WARNING: Your kernel does not support swap limit capabilities or the cgroup is not mounted. Memory limited without swap.
[INFO] running `Command { std: "docker" "start" "-a" "a700e4bad5668067e3bacd4cc7c037a1ad6a2dc504ebfec36ba507707262395b", kill_on_drop: false }`
[INFO] [stderr]    Compiling unicode-xid v0.1.0
[INFO] [stderr]    Compiling syn v0.15.42
[INFO] [stderr]     Checking cfg-if v0.1.9
[INFO] [stderr]    Compiling serde v1.0.98
[INFO] [stderr]    Compiling semver-parser v0.7.0
[INFO] [stderr]    Compiling byteorder v1.3.2
[INFO] [stderr]     Checking smallvec v0.6.10
[INFO] [stderr]     Checking futures v0.1.28
[INFO] [stderr]    Compiling version_check v0.1.5
[INFO] [stderr]    Compiling memchr v2.2.1
[INFO] [stderr]     Checking fnv v1.0.6
[INFO] [stderr]     Checking stable_deref_trait v1.1.1
[INFO] [stderr]     Checking scopeguard v0.3.3
[INFO] [stderr]     Checking scopeguard v1.0.0
[INFO] [stderr]     Checking encoding_index_tests v0.1.4
[INFO] [stderr]     Checking matches v0.1.8
[INFO] [stderr]     Checking percent-encoding v1.0.1
[INFO] [stderr]     Checking itoa v0.4.4
[INFO] [stderr]    Compiling arrayvec v0.4.11
[INFO] [stderr]     Checking nodrop v0.1.13
[INFO] [stderr]     Checking quick-error v1.2.2
[INFO] [stderr]    Compiling pkg-config v0.3.15
[INFO] [stderr]    Compiling siphasher v0.2.3
[INFO] [stderr]     Checking indexmap v1.0.2
[INFO] [stderr]    Compiling openssl v0.10.24
[INFO] [stderr]     Checking ppv-lite86 v0.2.5
[INFO] [stderr]     Checking lazycell v1.2.1
[INFO] [stderr]    Compiling native-tls v0.2.3
[INFO] [stderr]     Checking unicode-width v0.1.5
[INFO] [stderr]     Checking language-tags v0.2.2
[INFO] [stderr]    Compiling nix v0.14.1
[INFO] [stderr]     Checking sha1 v0.6.0
[INFO] [stderr]     Checking serde v0.8.23
[INFO] [stderr]    Compiling nix v0.10.0
[INFO] [stderr]     Checking termcolor v1.0.5
[INFO] [stderr]     Checking vec_map v0.8.1
[INFO] [stderr]    Compiling unicode-segmentation v1.3.0
[INFO] [stderr]    Compiling nix v0.13.1
[INFO] [stderr]     Checking lazy_static v0.2.11
[INFO] [stderr]     Checking c_linked_list v1.1.1
[INFO] [stderr]     Checking glob v0.2.11
[INFO] [stderr]     Checking ascii v0.9.2
[INFO] [stderr]     Checking remove_dir_all v0.5.2
[INFO] [stderr]     Checking atomic-option v0.1.2
[INFO] [stderr]     Checking crossbeam v0.2.12
[INFO] [stderr]     Checking take_mut v0.2.2
[INFO] [stderr]     Checking target v1.0.0
[INFO] [stderr]     Checking edit-distance v2.1.0
[INFO] [stderr]     Checking rand_core v0.3.1
[INFO] [stderr]    Compiling num-integer v0.1.41
[INFO] [stderr]     Checking itertools v0.8.0
[INFO] [stderr]     Checking crossbeam-utils v0.6.6
[INFO] [stderr]     Checking try_from v0.3.2
[INFO] [stderr]     Checking uuid v0.6.5
[INFO] [stderr]     Checking lock_api v0.3.1
[INFO] [stderr]     Checking lock_api v0.2.0
[INFO] [stderr]     Checking encoding-index-simpchinese v1.20141219.5
[INFO] [stderr]     Checking encoding-index-singlebyte v1.20141219.5
[INFO] [stderr]     Checking encoding-index-korean v1.20141219.5
[INFO] [stderr]     Checking encoding-index-tradchinese v1.20141219.5
[INFO] [stderr]     Checking encoding-index-japanese v1.20141219.5
[INFO] [stderr]     Checking unicode-bidi v0.3.4
[INFO] [stderr]     Checking owning_ref v0.4.0
[INFO] [stderr]     Checking yaml-rust v0.4.3
[INFO] [stderr]     Checking miniz_oxide v0.3.0
[INFO] [stderr]     Checking humantime v1.2.0
[INFO] [stderr]     Checking unicode-normalization v0.1.8
[INFO] [stderr]    Compiling unicase v1.4.2
[INFO] [stderr]    Compiling unicase v2.4.0
[INFO] [stderr]    Compiling nom v4.2.3
[INFO] [stderr]    Compiling error-chain v0.12.1
[INFO] [stderr]    Compiling v_escape v0.7.2
[INFO] [stderr]    Compiling actix-web v0.7.19
[INFO] [stderr]     Checking c2-chacha v0.2.2
[INFO] [stderr]     Checking log v0.4.8
[INFO] [stderr]    Compiling proc-macro2 v0.4.30
[INFO] [stderr]     Checking rand_xorshift v0.1.1
[INFO] [stderr]     Checking rand_isaac v0.1.1
[INFO] [stderr]     Checking rand_hc v0.1.0
[INFO] [stderr]    Compiling heck v0.3.1
[INFO] [stderr]    Compiling openssl-sys v0.9.48
[INFO] [stderr]    Compiling libsqlite3-sys v0.12.0
[INFO] [stderr]     Checking crc32fast v1.2.0
[INFO] [stderr]     Checking encoding_rs v0.8.17
[INFO] [stderr]     Checking crossbeam-queue v0.1.2
[INFO] [stderr]     Checking crossbeam-channel v0.3.9
[INFO] [stderr]     Checking lock_api v0.1.5
[INFO] [stderr]     Checking rand_os v0.1.3
[INFO] [stderr]     Checking net2 v0.2.33
[INFO] [stderr]     Checking socket2 v0.3.10
[INFO] [stderr]     Checking signal-hook-registry v1.1.0
[INFO] [stderr]     Checking rand v0.5.6
[INFO] [stderr]     Checking getrandom v0.1.7
[INFO] [stderr]     Checking term_size v0.3.1
[INFO] [stderr]     Checking rand v0.4.6
[INFO] [stderr]     Checking inotify-sys v0.1.3
[INFO] [stderr]     Checking filetime v0.2.5
[INFO] [stderr]     Checking get_if_addrs v0.5.3
[INFO] [stderr]     Checking encoding v0.2.33
[INFO] [stderr]     Checking rand_chacha v0.1.1
[INFO] [stderr]     Checking rand_pcg v0.1.2
[INFO] [stderr]     Checking tokio-executor v0.1.8
[INFO] [stderr]     Checking tokio-sync v0.1.6
[INFO] [stderr]     Checking actix-service v0.4.1
[INFO] [stderr]     Checking tower-service v0.1.0
[INFO] [stderr]     Checking want v0.2.0
[INFO] [stderr]     Checking slog-atomic v2.0.0
[INFO] [stderr]     Checking slog-async v2.3.0
[INFO] [stderr]     Checking miniz_oxide_c_api v0.2.3
[INFO] [stderr]     Checking futures-cpupool v0.1.8
[INFO] [stderr]     Checking resolv-conf v0.6.2
[INFO] [stderr]     Checking env_logger v0.5.13
[INFO] [stderr]    Compiling quote v0.6.13
[INFO] [stderr]    Compiling aho-corasick v0.7.4
[INFO] [stderr]     Checking bstr v0.2.6
[INFO] [stderr]     Checking idna v0.1.5
[INFO] [stderr]     Checking signal-hook v0.1.10
[INFO] [stderr]     Checking mio v0.6.19
[INFO] [stderr]     Checking textwrap v0.11.0
[INFO] [stderr]     Checking rand_core v0.5.0
[INFO] [stderr]     Checking inotify v0.6.1
[INFO] [stderr]     Checking backtrace v0.3.33
[INFO] [stderr]    Compiling rand v0.6.5
[INFO] [stderr]     Checking serde_test v0.8.23
[INFO] [stderr]     Checking bytes v0.4.12
[INFO] [stderr]     Checking base64 v0.10.1
[INFO] [stderr]     Checking term v0.5.2
[INFO] [stderr]     Checking combine v3.8.1
[INFO] [stderr]     Checking tokio-timer v0.2.11
[INFO] [stderr]     Checking tokio-current-thread v0.1.6
[INFO] [stderr]     Checking nanoid v0.2.0
[INFO] [stderr]     Checking tempdir v0.3.7
[INFO] [stderr]     Checking flate2 v1.0.9
[INFO] [stderr]    Compiling phf_shared v0.7.24
[INFO] [stderr]     Checking clap v2.33.0
[INFO] [stderr]     Checking rand_chacha v0.2.1
[INFO] [stderr]     Checking regex v1.2.0
[INFO] [stderr]     Checking error-chain v0.11.0
[INFO] [stderr]     Checking url v1.7.2
[INFO] [stderr]     Checking mime v0.3.13
[INFO] [stderr]     Checking linked-hash-map v0.3.0
[INFO] [stderr]     Checking mio-uds v0.6.7
[INFO] [stderr]     Checking mio-extras v2.0.5
[INFO] [stderr]     Checking brev v0.1.14
[INFO] [stderr]     Checking tokio-io v0.1.12
[INFO] [stderr]     Checking http v0.1.18
[INFO] [stderr]     Checking string v0.2.1
[INFO] [stderr]     Checking tokio-buf v0.1.1
[INFO] [stderr]     Checking phf v0.7.24
[INFO] [stderr]     Checking rand v0.7.0
[INFO] [stderr]     Checking uuid v0.7.4
[INFO] [stderr]    Compiling phf_generator v0.7.24
[INFO] [stderr]     Checking notify v4.0.12
[INFO] [stderr]     Checking cookie v0.12.0
[INFO] [stderr]     Checking cookie v0.11.1
[INFO] [stderr]     Checking env_proxy v0.3.1
[INFO] [stderr]    Compiling phf_codegen v0.7.24
[INFO] [stderr]     Checking tokio-codec v0.1.1
[INFO] [stderr]     Checking publicsuffix v1.5.2
[INFO] [stderr]     Checking serde-hjson v0.8.2
[INFO] [stderr]     Checking globset v0.4.4
[INFO] [stderr]     Checking env_logger v0.6.2
[INFO] [stderr]    Compiling mime_guess v2.0.0-alpha.6
[INFO] [stderr]    Compiling valico v3.0.0
[INFO] [stderr]     Checking actix-codec v0.1.2
[INFO] [stderr]     Checking actix-utils v0.4.5
[INFO] [stderr]     Checking ctrlc v3.1.3
[INFO] [stderr]     Checking watchexec v1.10.3
[INFO] [stderr]     Checking cargo-watch v7.2.1
[INFO] [stderr]     Checking h2 v0.1.26
[INFO] [stderr]     Checking http-body v0.1.0
[INFO] [stderr]    Compiling synstructure v0.10.2
[INFO] [stderr]    Compiling serde_derive v1.0.98
[INFO] [stderr]    Compiling failure_derive v0.1.5
[INFO] [stderr]    Compiling derive_more v0.15.0
[INFO] [stderr]    Compiling v_escape_derive v0.5.3
[INFO] [stderr]    Compiling enum-as-inner v0.2.1
[INFO] [stderr]    Compiling actix_derive v0.3.2
[INFO] [stderr]    Compiling diesel_derives v1.4.0
[INFO] [stderr]    Compiling actix-web-codegen v0.1.2
[INFO] [stderr]    Compiling structopt-derive v0.2.18
[INFO] [stderr]    Compiling v_htmlescape v0.4.3
[INFO] [stderr]     Checking failure v0.1.5
[INFO] [stderr]     Checking dotenv v0.13.0
[INFO] [stderr]     Checking dotenv v0.14.1
[INFO] [stderr]     Checking structopt v0.2.18
[INFO] [stderr]     Checking just v0.4.4
[INFO] [stderr]     Checking serde_json v1.0.40
[INFO] [stderr]     Checking chrono v0.4.7
[INFO] [stderr]     Checking serde_urlencoded v0.5.5
[INFO] [stderr]     Checking multimap v0.4.0
[INFO] [stderr]     Checking actix-router v0.1.5
[INFO] [stderr]     Checking url_serde v0.2.0
[INFO] [stderr]     Checking toml v0.4.10
[INFO] [stderr]     Checking semver v0.9.0
[INFO] [stderr]    Compiling rustc_version v0.2.3
[INFO] [stderr]     Checking diesel v1.4.2
[INFO] [stderr]     Checking slog-term v2.4.1
[INFO] [stderr]     Checking toml_edit v0.1.4
[INFO] [stderr]     Checking cookie_store v0.7.0
[INFO] [stderr]     Checking jsonway v2.0.0
[INFO] [stderr]     Checking slog-json v2.3.0
[INFO] [stderr]     Checking config v0.9.3
[INFO] [stderr]     Checking cargo_metadata v0.8.1
[INFO] [stderr]    Compiling parking_lot_core v0.4.0
[INFO] [stderr]    Compiling memoffset v0.5.1
[INFO] [stderr]    Compiling parking_lot_core v0.6.2
[INFO] [stderr]    Compiling parking_lot v0.9.0
[INFO] [stderr]    Compiling hyper v0.12.33
[INFO] [stderr]    Compiling parking_lot_core v0.5.0
[INFO] [stderr]    Compiling parking_lot v0.8.0
[INFO] [stderr]     Checking crossbeam-epoch v0.7.2
[INFO] [stderr]     Checking parking_lot v0.7.1
[INFO] [stderr]     Checking crossbeam-deque v0.7.1
[INFO] [stderr]     Checking bus v2.2.2
[INFO] [stderr]     Checking actix-threadpool v0.1.2
[INFO] [stderr]     Checking scheduled-thread-pool v0.2.2
[INFO] [stderr]     Checking tokio-threadpool v0.1.15
[INFO] [stderr]     Checking tokio-reactor v0.1.9
[INFO] [stderr]     Checking r2d2 v0.8.5
[INFO] [stderr]     Checking tokio-tcp v0.1.3
[INFO] [stderr]     Checking tokio-udp v0.1.3
[INFO] [stderr]     Checking tokio-uds v0.2.5
[INFO] [stderr]     Checking tokio-signal v0.2.7
[INFO] [stderr]     Checking actix-rt v0.2.4
[INFO] [stderr]     Checking actix-server-config v0.1.2
[INFO] [stderr]     Checking tokio-fs v0.1.6
[INFO] [stderr]     Checking trust-dns-proto v0.7.4
[INFO] [stderr]     Checking trust-dns-proto v0.6.3
[INFO] [stderr]     Checking trust-dns-proto v0.5.0
[INFO] [stderr]     Checking actix-server v0.6.0
[INFO] [stderr]     Checking tokio v0.1.22
[INFO] [stderr]     Checking tokio-core v0.1.17
[INFO] [stderr]     Checking sysfs_gpio v0.5.4
[INFO] [stderr]     Checking libmdns v0.2.3
[INFO] [stderr]     Checking trust-dns-resolver v0.11.1
[INFO] [stderr]     Checking trust-dns-resolver v0.10.3
[INFO] [stderr]     Checking actix-connect v0.2.3
[INFO] [stderr]     Checking actix v0.7.9
[INFO] [stderr]     Checking hyper-tls v0.3.2
[INFO] [stderr]     Checking actix-http v0.2.8
[INFO] [stderr]     Checking reqwest v0.9.19
[INFO] [stderr]     Checking actix-net v0.2.6
[INFO] [stderr]     Checking slack-hook v0.8.0
[INFO] [stderr]     Checking cargo-edit v0.3.3
[INFO] [stderr]     Checking awc v0.2.3
[INFO] [stderr]     Checking actix-web v1.0.5
[INFO] [stderr]     Checking r2d2-diesel v1.0.0
[INFO] [stderr]     Checking webthing v0.12.0
[INFO] [stderr]     Checking garage_rfid v0.4.0 (/opt/rustwide/workdir)
[INFO] [stdout] warning: unused `#[macro_use]` import
[INFO] [stdout]   --> src/lib.rs:15:1
[INFO] [stdout]    |
[INFO] [stdout] 15 | #[macro_use]
[INFO] [stdout]    | ^^^^^^^^^^^^
[INFO] [stdout]    |
[INFO] [stdout]    = note: `#[warn(unused_imports)]` on by default
[INFO] [stdout] 
[INFO] [stdout] 
[INFO] [stdout] warning: trait objects without an explicit `dyn` are deprecated
[INFO] [stdout]   --> src/iot/close_action.rs:57:50
[INFO] [stdout]    |
[INFO] [stdout] 57 |     fn get_thing(&self) -> Option<Arc<RwLock<Box<Thing>>>> {
[INFO] [stdout]    |                                                  ^^^^^ help: use `dyn`: `dyn Thing`
[INFO] [stdout]    |
[INFO] [stdout]    = note: `#[warn(bare_trait_objects)]` on by default
[INFO] [stdout] 
[INFO] [stdout] 
[INFO] [stdout] warning: unused label
[INFO] [stdout]   --> src/iot/iot_thing.rs:74:7
[INFO] [stdout]    |
[INFO] [stdout] 74 |       'read_rx_loop: loop {
[INFO] [stdout]    |       ^^^^^^^^^^^^^
[INFO] [stdout]    |
[INFO] [stdout]    = note: `#[warn(unused_labels)]` on by default
[INFO] [stdout] 
[INFO] [stdout] 
[INFO] [stdout] warning: unused `#[macro_use]` import
[INFO] [stdout]   --> src/lib.rs:15:1
[INFO] [stdout]    |
[INFO] [stdout] 15 | #[macro_use]
[INFO] [stdout]    | ^^^^^^^^^^^^
[INFO] [stdout]    |
[INFO] [stdout]    = note: `#[warn(unused_imports)]` on by default
[INFO] [stdout] 
[INFO] [stdout] 
[INFO] [stdout] warning: trait objects without an explicit `dyn` are deprecated
[INFO] [stdout]   --> src/iot/close_action.rs:57:50
[INFO] [stdout]    |
[INFO] [stdout] 57 |     fn get_thing(&self) -> Option<Arc<RwLock<Box<Thing>>>> {
[INFO] [stdout]    |                                                  ^^^^^ help: use `dyn`: `dyn Thing`
[INFO] [stdout]    |
[INFO] [stdout]    = note: `#[warn(bare_trait_objects)]` on by default
[INFO] [stdout] 
[INFO] [stdout] 
[INFO] [stdout] warning: unused label
[INFO] [stdout]   --> src/iot/iot_thing.rs:74:7
[INFO] [stdout]    |
[INFO] [stdout] 74 |       'read_rx_loop: loop {
[INFO] [stdout]    |       ^^^^^^^^^^^^^
[INFO] [stdout]    |
[INFO] [stdout]    = note: `#[warn(unused_labels)]` on by default
[INFO] [stdout] 
[INFO] [stdout] 
[INFO] [stdout] warning: unused variable: `input`
[INFO] [stdout]   --> src/iot/close_action.rs:76:13
[INFO] [stdout]    |
[INFO] [stdout] 76 |         let input = self.get_input().unwrap().clone();
[INFO] [stdout]    |             ^^^^^ help: if this is intentional, prefix it with an underscore: `_input`
[INFO] [stdout]    |
[INFO] [stdout]    = note: `#[warn(unused_variables)]` on by default
[INFO] [stdout] 
[INFO] [stdout] 
[INFO] [stdout] warning: unused variable: `input`
[INFO] [stdout]   --> src/iot/close_action.rs:76:13
[INFO] [stdout]    |
[INFO] [stdout] 76 |         let input = self.get_input().unwrap().clone();
[INFO] [stdout]    |             ^^^^^ help: if this is intentional, prefix it with an underscore: `_input`
[INFO] [stdout]    |
[INFO] [stdout]    = note: `#[warn(unused_variables)]` on by default
[INFO] [stdout] 
[INFO] [stdout] 
[INFO] [stdout] warning: field is never read: `async_pin_pollers`
[INFO] [stdout]   --> src/garage_door.rs:18:3
[INFO] [stdout]    |
[INFO] [stdout] 18 |   async_pin_pollers: Vec<sysfs_gpio::AsyncPinPoller>,
[INFO] [stdout]    |   ^^^^^^^^^^^^^^^^^^^^^^^^^^^^^^^^^^^^^^^^^^^^^^^^^^
[INFO] [stdout]    |
[INFO] [stdout]    = note: `#[warn(dead_code)]` on by default
[INFO] [stdout] 
[INFO] [stdout] 
[INFO] [stdout] warning: field is never read: `ttt`
[INFO] [stdout]   --> src/iot/iot_thing.rs:13:3
[INFO] [stdout]    |
[INFO] [stdout] 13 |   ttt: String,
[INFO] [stdout]    |   ^^^^^^^^^^^
[INFO] [stdout] 
[INFO] [stdout] 
[INFO] [stdout] warning: field is never read: `async_pin_pollers`
[INFO] [stdout]   --> src/garage_door.rs:18:3
[INFO] [stdout]    |
[INFO] [stdout] 18 |   async_pin_pollers: Vec<sysfs_gpio::AsyncPinPoller>,
[INFO] [stdout]    |   ^^^^^^^^^^^^^^^^^^^^^^^^^^^^^^^^^^^^^^^^^^^^^^^^^^
[INFO] [stdout]    |
[INFO] [stdout]    = note: `#[warn(dead_code)]` on by default
[INFO] [stdout] 
[INFO] [stdout] 
[INFO] [stdout] warning: field is never read: `ttt`
[INFO] [stdout]   --> src/iot/iot_thing.rs:13:3
[INFO] [stdout]    |
[INFO] [stdout] 13 |   ttt: String,
[INFO] [stdout]    |   ^^^^^^^^^^^
[INFO] [stdout] 
[INFO] [stdout] 
[INFO] [stdout] warning: unused `std::result::Result` that must be used
[INFO] [stdout]    --> src/iot/iot_thing.rs:105:7
[INFO] [stdout]     |
[INFO] [stdout] 105 |       prop.set_value(value.clone());
[INFO] [stdout]     |       ^^^^^^^^^^^^^^^^^^^^^^^^^^^^^^
[INFO] [stdout]     |
[INFO] [stdout]     = note: `#[warn(unused_must_use)]` on by default
[INFO] [stdout]     = note: this `Result` may be an `Err` variant, which should be handled
[INFO] [stdout] 
[INFO] [stdout] 
[INFO] [stdout] warning: unused `std::result::Result` that must be used
[INFO] [stdout]    --> src/iot/iot_thing.rs:105:7
[INFO] [stdout]     |
[INFO] [stdout] 105 |       prop.set_value(value.clone());
[INFO] [stdout]     |       ^^^^^^^^^^^^^^^^^^^^^^^^^^^^^^
[INFO] [stdout]     |
[INFO] [stdout]     = note: `#[warn(unused_must_use)]` on by default
[INFO] [stdout]     = note: this `Result` may be an `Err` variant, which should be handled
[INFO] [stdout] 
[INFO] [stdout] 
[INFO] [stdout] warning: 7 warnings emitted
[INFO] [stdout] 
[INFO] [stdout] 
[INFO] [stdout] warning: 7 warnings emitted
[INFO] [stdout] 
[INFO] [stdout] 
[INFO] [stdout] error[E0463]: can't find crate for `gotham`
[INFO] [stdout]  --> examples/user_api.rs:4:1
[INFO] [stdout]   |
[INFO] [stdout] 4 | extern crate gotham;
[INFO] [stdout]   | ^^^^^^^^^^^^^^^^^^^^ can't find crate
[INFO] [stdout] 
[INFO] [stdout] 
[INFO] [stdout] error: aborting due to previous error
[INFO] [stdout] 
[INFO] [stdout] 
[INFO] [stdout] For more information about this error, try `rustc --explain E0463`.
[INFO] [stdout] 
[INFO] [stderr] error: could not compile `garage_rfid`.
[INFO] [stderr] 
[INFO] [stderr] To learn more, run the command again with --verbose.
[INFO] [stderr] warning: build failed, waiting for other jobs to finish...
[INFO] [stdout] warning: unused import: `Stream`
[INFO] [stdout]   --> examples/collate_threads.rs:12:23
[INFO] [stdout]    |
[INFO] [stdout] 12 | use futures::{Future, Stream, Sink};
[INFO] [stdout]    |                       ^^^^^^
[INFO] [stdout]    |
[INFO] [stdout]    = note: `#[warn(unused_imports)]` on by default
[INFO] [stdout] 
[INFO] [stdout] 
[INFO] [stdout] warning: unused variable: `core`
[INFO] [stdout]   --> examples/collate_threads.rs:30:7
[INFO] [stdout]    |
[INFO] [stdout] 30 |   let mut core = Core::new()?;
[INFO] [stdout]    |       ^^^^^^^^ help: if this is intentional, prefix it with an underscore: `_core`
[INFO] [stdout]    |
[INFO] [stdout]    = note: `#[warn(unused_variables)]` on by default
[INFO] [stdout] 
[INFO] [stdout] 
[INFO] [stdout] warning: unused variable: `rx`
[INFO] [stdout]   --> examples/collate_threads.rs:31:19
[INFO] [stdout]    |
[INFO] [stdout] 31 |   let (tx_master, rx) = mpsc::channel(50);
[INFO] [stdout]    |                   ^^ help: if this is intentional, prefix it with an underscore: `_rx`
[INFO] [stdout] 
[INFO] [stdout] 
[INFO] [stdout] warning: variable does not need to be mutable
[INFO] [stdout]   --> examples/collate_threads.rs:30:7
[INFO] [stdout]    |
[INFO] [stdout] 30 |   let mut core = Core::new()?;
[INFO] [stdout]    |       ----^^^^
[INFO] [stdout]    |       |
[INFO] [stdout]    |       help: remove this `mut`
[INFO] [stdout]    |
[INFO] [stdout]    = note: `#[warn(unused_mut)]` on by default
[INFO] [stdout] 
[INFO] [stdout] 
[INFO] [stdout] warning: constant `scale` should have an upper case name
[INFO] [stdout]   --> examples/collate_threads.rs:29:9
[INFO] [stdout]    |
[INFO] [stdout] 29 |   const scale: u64 = 100;
[INFO] [stdout]    |         ^^^^^ help: convert the identifier to upper case: `SCALE`
[INFO] [stdout]    |
[INFO] [stdout]    = note: `#[warn(non_upper_case_globals)]` on by default
[INFO] [stdout] 
[INFO] [stdout] 
[INFO] [stdout] warning: unused `futures::MapErr` that must be used
[INFO] [stdout]   --> examples/collate_threads.rs:40:9
[INFO] [stdout]    |
[INFO] [stdout] 40 | /         t1_tx.clone()
[INFO] [stdout] 41 | |           .send(0)
[INFO] [stdout] 42 | |           .then(|tx|
[INFO] [stdout] 43 | |             match tx {
[INFO] [stdout] ...  |
[INFO] [stdout] 53 | |           )
[INFO] [stdout] 54 | |           .map_err(|_err| ());
[INFO] [stdout]    | |______________________________^
[INFO] [stdout]    |
[INFO] [stdout]    = note: `#[warn(unused_must_use)]` on by default
[INFO] [stdout]    = note: futures do nothing unless polled
[INFO] [stdout] 
[INFO] [stdout] 
[INFO] [stdout] warning: unused `futures::MapErr` that must be used
[INFO] [stdout]   --> examples/collate_threads.rs:65:9
[INFO] [stdout]    |
[INFO] [stdout] 65 | /         t2_tx.clone()
[INFO] [stdout] 66 | |           .send(1)
[INFO] [stdout] 67 | |           .then(|tx|
[INFO] [stdout] 68 | |             match tx {
[INFO] [stdout] ...  |
[INFO] [stdout] 78 | |           )
[INFO] [stdout] 79 | |           .map_err(|_err| ());
[INFO] [stdout]    | |______________________________^
[INFO] [stdout]    |
[INFO] [stdout]    = note: futures do nothing unless polled
[INFO] [stdout] 
[INFO] [stdout] 
[INFO] [stdout] warning: unused `std::result::Result` that must be used
[INFO] [stdout]   --> examples/collate_threads.rs:90:3
[INFO] [stdout]    |
[INFO] [stdout] 90 |   t1.join();
[INFO] [stdout]    |   ^^^^^^^^^^
[INFO] [stdout]    |
[INFO] [stdout]    = note: this `Result` may be an `Err` variant, which should be handled
[INFO] [stdout] 
[INFO] [stdout] 
[INFO] [stdout] warning: unused `std::result::Result` that must be used
[INFO] [stdout]   --> examples/collate_threads.rs:91:3
[INFO] [stdout]    |
[INFO] [stdout] 91 |   t2.join();
[INFO] [stdout]    |   ^^^^^^^^^^
[INFO] [stdout]    |
[INFO] [stdout]    = note: this `Result` may be an `Err` variant, which should be handled
[INFO] [stdout] 
[INFO] [stdout] 
[INFO] [stdout] warning: 9 warnings emitted
[INFO] [stdout] 
[INFO] [stdout] 
[INFO] [stdout] error[E0308]: mismatched types
[INFO] [stdout]   --> examples/database.rs:36:61
[INFO] [stdout]    |
[INFO] [stdout] 36 | fn creat_user(connection: &SqliteConnection, name: &str) -> usize {
[INFO] [stdout]    |    ----------                                               ^^^^^ expected `usize`, found `()`
[INFO] [stdout]    |    |
[INFO] [stdout]    |    implicitly returns `()` as its body has no tail or `return` expression
[INFO] [stdout] ...
[INFO] [stdout] 41 |     .expect("Error creating new user");
[INFO] [stdout]    |                                       - help: consider removing this semicolon
[INFO] [stdout] 
[INFO] [stdout] 
[INFO] [stdout] error[E0308]: mismatched types
[INFO] [stdout]   --> examples/database.rs:46:23
[INFO] [stdout]    |
[INFO] [stdout] 46 |   let id = creat_user(connection, "Matilda");
[INFO] [stdout]    |                       ^^^^^^^^^^
[INFO] [stdout]    |                       |
[INFO] [stdout]    |                       expected `&diesel::SqliteConnection`, found struct `diesel::SqliteConnection`
[INFO] [stdout]    |                       help: consider borrowing here: `&connection`
[INFO] [stdout] 
[INFO] [stdout] 
[INFO] [stdout] error: aborting due to 2 previous errors
[INFO] [stdout] 
[INFO] [stdout] 
[INFO] [stdout] For more information about this error, try `rustc --explain E0308`.
[INFO] [stdout] 
[INFO] [stdout] warning: unused `#[macro_use]` import
[INFO] [stdout]  --> examples/slog.rs:1:1
[INFO] [stdout]   |
[INFO] [stdout] 1 | #[macro_use]
[INFO] [stdout]   | ^^^^^^^^^^^^
[INFO] [stdout]   |
[INFO] [stdout]   = note: `#[warn(unused_imports)]` on by default
[INFO] [stdout] 
[INFO] [stdout] 
[INFO] [stdout] warning: unused import: `garage_rfid::schema::users`
[INFO] [stdout]   --> examples/slog.rs:17:5
[INFO] [stdout]    |
[INFO] [stdout] 17 | use garage_rfid::schema::users;
[INFO] [stdout]    |     ^^^^^^^^^^^^^^^^^^^^^^^^^^
[INFO] [stdout] 
[INFO] [stdout] 
[INFO] [stdout] error[E0308]: mismatched types
[INFO] [stdout]   --> examples/slog.rs:21:49
[INFO] [stdout]    |
[INFO] [stdout] 21 |   User::create(&logger, &database.connection(), name)
[INFO] [stdout]    |                                                 ^^^^
[INFO] [stdout]    |                                                 |
[INFO] [stdout]    |                                                 expected `&str`, found struct `String`
[INFO] [stdout]    |                                                 help: consider borrowing here: `&name`
[INFO] [stdout] 
[INFO] [stdout] 
[INFO] [stdout] error: aborting due to previous error; 2 warnings emitted
[INFO] [stdout] 
[INFO] [stdout] 
[INFO] [stdout] For more information about this error, try `rustc --explain E0308`.
[INFO] [stdout] 
[INFO] [stdout] warning: unused `#[macro_use]` import
[INFO] [stdout]  --> examples/gatekeeper.rs:1:1
[INFO] [stdout]   |
[INFO] [stdout] 1 | #[macro_use]
[INFO] [stdout]   | ^^^^^^^^^^^^
[INFO] [stdout]   |
[INFO] [stdout]   = note: `#[warn(unused_imports)]` on by default
[INFO] [stdout] 
[INFO] [stdout] 
[INFO] [stdout] warning: unused `#[macro_use]` import
[INFO] [stdout]  --> examples/gatekeeper.rs:3:1
[INFO] [stdout]   |
[INFO] [stdout] 3 | #[macro_use]
[INFO] [stdout]   | ^^^^^^^^^^^^
[INFO] [stdout] 
[INFO] [stdout] 
[INFO] [stdout] warning: unused import: `std::sync::Mutex`
[INFO] [stdout]   --> examples/gatekeeper.rs:13:5
[INFO] [stdout]    |
[INFO] [stdout] 13 | use std::sync::Mutex;
[INFO] [stdout]    |     ^^^^^^^^^^^^^^^^
[INFO] [stdout] 
[INFO] [stdout] 
[INFO] [stdout] warning: unused import: `std::fs::OpenOptions`
[INFO] [stdout]   --> examples/gatekeeper.rs:14:5
[INFO] [stdout]    |
[INFO] [stdout] 14 | use std::fs::OpenOptions;
[INFO] [stdout]    |     ^^^^^^^^^^^^^^^^^^^^
[INFO] [stdout] 
[INFO] [stdout] 
[INFO] [stdout] warning: unused import: `garage_rfid::schema::credentials`
[INFO] [stdout]   --> examples/gatekeeper.rs:20:5
[INFO] [stdout]    |
[INFO] [stdout] 20 | use garage_rfid::schema::credentials;
[INFO] [stdout]    |     ^^^^^^^^^^^^^^^^^^^^^^^^^^^^^^^^
[INFO] [stdout] 
[INFO] [stdout] 
[INFO] [stdout] warning: unused import: `garage_rfid::schema::users`
[INFO] [stdout]   --> examples/gatekeeper.rs:21:5
[INFO] [stdout]    |
[INFO] [stdout] 21 | use garage_rfid::schema::users;
[INFO] [stdout]    |     ^^^^^^^^^^^^^^^^^^^^^^^^^^
[INFO] [stdout] 
[INFO] [stdout] 
[INFO] [stdout] error[E0308]: mismatched types
[INFO] [stdout]   --> examples/gatekeeper.rs:25:49
[INFO] [stdout]    |
[INFO] [stdout] 25 |   User::create(&logger, &database.connection(), name)
[INFO] [stdout]    |                                                 ^^^^
[INFO] [stdout]    |                                                 |
[INFO] [stdout]    |                                                 expected `&str`, found struct `String`
[INFO] [stdout]    |                                                 help: consider borrowing here: `&name`
[INFO] [stdout] 
[INFO] [stdout] 
[INFO] [stdout] error: aborting due to previous error; 6 warnings emitted
[INFO] [stdout] 
[INFO] [stdout] 
[INFO] [stdout] For more information about this error, try `rustc --explain E0308`.
[INFO] [stdout] 
[INFO] [stdout] warning: unused `#[macro_use]` import
[INFO] [stdout]  --> examples/bouncer.rs:1:1
[INFO] [stdout]   |
[INFO] [stdout] 1 | #[macro_use]
[INFO] [stdout]   | ^^^^^^^^^^^^
[INFO] [stdout]   |
[INFO] [stdout]   = note: `#[warn(unused_imports)]` on by default
[INFO] [stdout] 
[INFO] [stdout] 
[INFO] [stdout] error[E0061]: this function takes 2 arguments but 1 argument was supplied
[INFO] [stdout]   --> examples/bouncer.rs:26:17
[INFO] [stdout]    |
[INFO] [stdout] 26 |   let bouncer = Bouncer::new(connection);
[INFO] [stdout]    |                 ^^^^^^^^^^^^ ---------- supplied 1 argument
[INFO] [stdout]    |                 |
[INFO] [stdout]    |                 expected 2 arguments
[INFO] [stdout] 
[INFO] [stdout] 
[INFO] [stdout] error: aborting due to previous error; 1 warning emitted
[INFO] [stdout] 
[INFO] [stdout] 
[INFO] [stdout] For more information about this error, try `rustc --explain E0061`.
[INFO] [stdout] 
[INFO] [stdout] warning: unused `#[macro_use]` import
[INFO] [stdout]  --> examples/database2.rs:1:1
[INFO] [stdout]   |
[INFO] [stdout] 1 | #[macro_use]
[INFO] [stdout]   | ^^^^^^^^^^^^
[INFO] [stdout]   |
[INFO] [stdout]   = note: `#[warn(unused_imports)]` on by default
[INFO] [stdout] 
[INFO] [stdout] 
[INFO] [stdout] error[E0061]: this function takes 3 arguments but 2 arguments were supplied
[INFO] [stdout]   --> examples/database2.rs:23:3
[INFO] [stdout]    |
[INFO] [stdout] 23 |   User::create(connection, name)
[INFO] [stdout]    |   ^^^^^^^^^^^^ ----------  ---- supplied 2 arguments
[INFO] [stdout]    |   |
[INFO] [stdout]    |   expected 3 arguments
[INFO] [stdout] 
[INFO] [stdout] 
[INFO] [stdout] error[E0061]: this function takes 6 arguments but 5 arguments were supplied
[INFO] [stdout]   --> examples/database2.rs:30:3
[INFO] [stdout]    |
[INFO] [stdout] 30 |   Credential::create(connection, &user.id, name, variety, value)
[INFO] [stdout]    |   ^^^^^^^^^^^^^^^^^^ ----------  --------  ----  -------  ----- supplied 5 arguments
[INFO] [stdout]    |   |
[INFO] [stdout]    |   expected 6 arguments
[INFO] [stdout] 
[INFO] [stdout] 
[INFO] [stdout] error: aborting due to 2 previous errors; 1 warning emitted
[INFO] [stdout] 
[INFO] [stdout] 
[INFO] [stdout] For more information about this error, try `rustc --explain E0061`.
[INFO] [stdout] 
[INFO] [stdout] error[E0412]: cannot find type `Token` in this scope
[INFO] [stdout]   --> examples/mio_evented.rs:42:16
[INFO] [stdout]    |
[INFO] [stdout] 42 | const TOKEN_0: Token = Token(0);
[INFO] [stdout]    |                ^^^^^ not found in this scope
[INFO] [stdout] 
[INFO] [stdout] 
[INFO] [stdout] error[E0425]: cannot find function, tuple struct or tuple variant `Token` in this scope
[INFO] [stdout]   --> examples/mio_evented.rs:42:24
[INFO] [stdout]    |
[INFO] [stdout] 42 | const TOKEN_0: Token = Token(0);
[INFO] [stdout]    |                        ^^^^^ not found in this scope
[INFO] [stdout] 
[INFO] [stdout] 
[INFO] [stdout] error[E0412]: cannot find type `Token` in this scope
[INFO] [stdout]   --> examples/mio_evented.rs:43:16
[INFO] [stdout]    |
[INFO] [stdout] 43 | const TOKEN_1: Token = Token(1);
[INFO] [stdout]    |                ^^^^^ not found in this scope
[INFO] [stdout] 
[INFO] [stdout] 
[INFO] [stdout] error[E0425]: cannot find function, tuple struct or tuple variant `Token` in this scope
[INFO] [stdout]   --> examples/mio_evented.rs:43:24
[INFO] [stdout]    |
[INFO] [stdout] 43 | const TOKEN_1: Token = Token(1);
[INFO] [stdout]    |                        ^^^^^ not found in this scope
[INFO] [stdout] 
[INFO] [stdout] 
[INFO] [stdout] warning: unused import: `std::fs::File`
[INFO] [stdout]   --> examples/mio_evented.rs:16:5
[INFO] [stdout]    |
[INFO] [stdout] 16 | use std::fs::File;
[INFO] [stdout]    |     ^^^^^^^^^^^^^
[INFO] [stdout]    |
[INFO] [stdout]    = note: `#[warn(unused_imports)]` on by default
[INFO] [stdout] 
[INFO] [stdout] 
[INFO] [stdout] warning: unused import: `std::os::unix::io::AsRawFd`
[INFO] [stdout]   --> examples/mio_evented.rs:17:5
[INFO] [stdout]    |
[INFO] [stdout] 17 | use std::os::unix::io::AsRawFd;
[INFO] [stdout]    |     ^^^^^^^^^^^^^^^^^^^^^^^^^^
[INFO] [stdout] 
[INFO] [stdout] 
[INFO] [stdout] warning: unused import: `std::thread`
[INFO] [stdout]   --> examples/mio_evented.rs:20:5
[INFO] [stdout]    |
[INFO] [stdout] 20 | use std::thread;
[INFO] [stdout]    |     ^^^^^^^^^^^
[INFO] [stdout] 
[INFO] [stdout] 
[INFO] [stdout] warning: unused import: `std::time::Duration`
[INFO] [stdout]   --> examples/mio_evented.rs:21:5
[INFO] [stdout]    |
[INFO] [stdout] 21 | use std::time::Duration;
[INFO] [stdout]    |     ^^^^^^^^^^^^^^^^^^^
[INFO] [stdout] 
[INFO] [stdout] 
[INFO] [stdout] error[E0412]: cannot find type `Token` in this scope
[INFO] [stdout]   --> examples/mio_evented_test.rs:41:16
[INFO] [stdout]    |
[INFO] [stdout] 41 | const TOKEN_0: Token = Token(0);
[INFO] [stdout]    |                ^^^^^ not found in this scope
[INFO] [stdout] 
[INFO] [stdout] 
[INFO] [stdout] error[E0425]: cannot find function, tuple struct or tuple variant `Token` in this scope
[INFO] [stdout]   --> examples/mio_evented_test.rs:41:24
[INFO] [stdout]    |
[INFO] [stdout] 41 | const TOKEN_0: Token = Token(0);
[INFO] [stdout]    |                        ^^^^^ not found in this scope
[INFO] [stdout] 
[INFO] [stdout] 
[INFO] [stdout] error[E0412]: cannot find type `Token` in this scope
[INFO] [stdout]   --> examples/mio_evented_test.rs:42:16
[INFO] [stdout]    |
[INFO] [stdout] 42 | const TOKEN_1: Token = Token(1);
[INFO] [stdout]    |                ^^^^^ not found in this scope
[INFO] [stdout] 
[INFO] [stdout] 
[INFO] [stdout] error[E0425]: cannot find function, tuple struct or tuple variant `Token` in this scope
[INFO] [stdout]   --> examples/mio_evented_test.rs:42:24
[INFO] [stdout]    |
[INFO] [stdout] 42 | const TOKEN_1: Token = Token(1);
[INFO] [stdout]    |                        ^^^^^ not found in this scope
[INFO] [stdout] 
[INFO] [stdout] 
[INFO] [stdout] warning: unused import: `std::fs::File`
[INFO] [stdout]   --> examples/mio_evented_test.rs:18:5
[INFO] [stdout]    |
[INFO] [stdout] 18 | use std::fs::File;
[INFO] [stdout]    |     ^^^^^^^^^^^^^
[INFO] [stdout]    |
[INFO] [stdout]    = note: `#[warn(unused_imports)]` on by default
[INFO] [stdout] 
[INFO] [stdout] 
[INFO] [stdout] warning: unused import: `std::os::unix::io::AsRawFd`
[INFO] [stdout]   --> examples/mio_evented_test.rs:19:5
[INFO] [stdout]    |
[INFO] [stdout] 19 | use std::os::unix::io::AsRawFd;
[INFO] [stdout]    |     ^^^^^^^^^^^^^^^^^^^^^^^^^^
[INFO] [stdout] 
[INFO] [stdout] 
[INFO] [stdout] warning: unused import: `std::time::Duration`
[INFO] [stdout]   --> examples/mio_evented_test.rs:20:5
[INFO] [stdout]    |
[INFO] [stdout] 20 | use std::time::Duration;
[INFO] [stdout]    |     ^^^^^^^^^^^^^^^^^^^
[INFO] [stdout] 
[INFO] [stdout] 
[INFO] [stdout] error: aborting due to 4 previous errors; 4 warnings emitted
[INFO] [stdout] 
[INFO] [stdout] 
[INFO] [stdout] Some errors have detailed explanations: E0412, E0425.
[INFO] [stdout] 
[INFO] [stdout] For more information about an error, try `rustc --explain E0412`.
[INFO] [stdout] 
[INFO] [stdout] error: aborting due to 4 previous errors; 3 warnings emitted
[INFO] [stdout] 
[INFO] [stdout] 
[INFO] [stdout] Some errors have detailed explanations: E0412, E0425.
[INFO] [stdout] 
[INFO] [stdout] For more information about an error, try `rustc --explain E0412`.
[INFO] [stdout] 
[INFO] [stderr] error: build failed
[INFO] running `Command { std: "docker" "inspect" "a700e4bad5668067e3bacd4cc7c037a1ad6a2dc504ebfec36ba507707262395b", kill_on_drop: false }`
[INFO] running `Command { std: "docker" "rm" "-f" "a700e4bad5668067e3bacd4cc7c037a1ad6a2dc504ebfec36ba507707262395b", kill_on_drop: false }`
[INFO] [stdout] a700e4bad5668067e3bacd4cc7c037a1ad6a2dc504ebfec36ba507707262395b
